{"id":2293,"date":"2016-11-23T20:09:23","date_gmt":"2016-11-23T19:09:23","guid":{"rendered":"http:\/\/theater-svlg.de\/?page_id=2293"},"modified":"2016-11-23T20:09:23","modified_gmt":"2016-11-23T19:09:23","slug":"presse","status":"publish","type":"page","link":"https:\/\/theater-svlg.de\/?page_id=2293","title":{"rendered":"Presse"},"content":{"rendered":"<div class=\"bar mb10\">\n<h5 class=\"dateline inline-block\">Theater am SvLG: Tr\u00e4nen, Beifall, Liebe<\/h5>\n<\/div>\n<p class=\"mb5 mt15\"><b>Die Theater-AG des Schenk-von-Limpurg-Gymnasiums f\u00fchrte am Wochenende ein St\u00fcck auf, dass das Publikum zu Tr\u00e4nen r\u00fchrte.<\/b><\/p>\n<p class=\"text_initial\">Juliane Weller steht auf der B\u00fchne. Heute ist sie \u201eCharly\u201c, ein M\u00e4dchen aus Liverpool, gekleidet in bunte Hippie-Klamotten. Juliane war nicht lange in der Maske \u2013 keine aufw\u00e4ndige Frisur, keine gro\u00dfe Schminke. Nur ein Band in die Haare, das war\u2019s. Es braucht nicht viel, um die Sch\u00fclerin in ein Hippie-M\u00e4dchen zu verwandeln.<\/p>\n<p>Charlys Klamotten passen zur &nbsp;Kulisse, die auf der B\u00fchne des Atriums im Schenk-von-Limpurg-Gymnasium aufgebaut wurde: Peace-Zeichen, wilde Ornamente und viel, viel Farbe \u2013 wie eine kleine Reise in die Hippie-Zeit.\u201eAll You Need Is Love\u201c hei\u00dft das St\u00fcck, komplett aus der Feder von Thomas H\u00f6ll, dem Leiter der Theater-AG. Das Atrium ist bis auf den letzten Platz ausverkauft. Selbst die Beatles sind anwesend \u2013 wenn auch nur als lebensgro\u00dfe Malereien.<\/p>\n<p>Und dort steht Juliane nun, mit den Beatles im R\u00fccken und dem Mikro in der Hand. Sie singt \u201eCan\u2019t Buy Me Love\u201c &nbsp;von John Lennon und Paul McCartney \u2013 ein Lied \u00fcber Liebe und Freiheit. Sie singt das Lied f\u00fcr Ritchie, der von Magnus W\u00f6rz gespielt wird.<\/p>\n<p><span class=\"text_bold_z\">\u201eEs hat sich so angef\u00fchlt als w\u00e4ren es meine Worte, die ich auf der B\u00fchne gesagt habe.\u201c<\/span><br \/>\n<span class=\"text_italic_z\">&#8211; Samuel W\u00f6rz, Theater-AG des SvLG<\/span><\/p>\n<p>Ritchie verk\u00f6rpert \u00e4u\u00dferlich das Gegenteil von Charly: gestriegelte Haare, Anzug, Krawatte. \u201eCollege-Boy\u201c, nennt sie ihn. Juliane und Magnus lieben sich \u2013 zumindest auf der B\u00fchne in ihren Rollen. Doch dann soll Ritchie in den Vietnam-Krieg ziehen. Seine Familie will es so.<\/p>\n<p>Und die Zuschauer leiden mit, als sich das Hippie-M\u00e4dchen deshalb vom College-Boy trennt. Traurig sch\u00f6ne Geigenmusik untermalt die Trag\u00f6die. Aber weil \u201elove\u201c eben alles ist, was die beiden brauchen, entscheidet sich Ritchie f\u00fcr die Liebe und gegen den Krieg. Als mit dem letzten Vorhang auch eine Menge buntes Konfetti f\u00e4llt und die Schauspielerinnen und Schauspieler sich verneigen, hat das Publikum teilweise Tr\u00e4nen in den Augen.<\/p>\n<p>Das St\u00fcck ber\u00fchrt das Publikum, weil die Rollen so authentisch sind. \u201eEs hat sich wirklich so angef\u00fchlt, als w\u00e4ren es meine Worte, die ich auf der B\u00fchne gesagt habe\u201c, erkl\u00e4rt der Schauspieler Samuel W\u00f6rz. Der Bruder von Magnus W\u00f6rz (College-Boy Ritchie) spielte einen Friedensaktivisten. Er war einer von den 20 anderen Schauspielern um Ritchie und Charly, die das St\u00fcck zu einer herausragenden Auff\u00fchrung gemacht haben.<\/p>\n<p>Und so ist nach der Auff\u00fchrung nicht nur das Publikum zutiefst ger\u00fchrt, auch in der Garderobe verdr\u00fccken die Schauspieler das ein oder andere Tr\u00e4nchen \u2013 weil\u2019s so sch\u00f6n war. \u201eHoffentlich fang ich jetzt nicht an zu weinen\u201c, sagt Juliane Weller, als sie am Schluss der Auff\u00fchrung Thomas H\u00f6ll auf der B\u00fchne f\u00fcr sein Engagement dankt.<\/p>\n<p>Thomas H\u00f6ll, der Theater-Papa, k\u00fcmmert sich seit \u00fcber zehn Jahren um die Theater-AG des Gaildorfer Gymnasiums. Aber in diesem Jahr ist ihm eine besonders grandiose Auff\u00fchrung gelungen. Noch nie gab es so viele Tr\u00e4nen und Zuschauer, die vor Begeisterung aufstanden und klatschten \u2013 zu Recht.<\/p>\n<p>Aline Spantig<\/p>\n<p>Mit freundlicher Genehmigung der Gaildorfer Rundschau<\/p>\n","protected":false},"excerpt":{"rendered":"<p>Theater am SvLG: Tr\u00e4nen, Beifall, Liebe Die Theater-AG des Schenk-von-Limpurg-Gymnasiums f\u00fchrte am Wochenende ein St\u00fcck auf, dass das Publikum zu Tr\u00e4nen r\u00fchrte. Juliane Weller steht auf der B\u00fchne. Heute ist sie \u201eCharly\u201c, ein M\u00e4dchen aus Liverpool, gekleidet in bunte Hippie-Klamotten. Juliane war nicht lange in der Maske \u2013 keine aufw\u00e4ndige Frisur, keine gro\u00dfe Schminke. Nur &hellip; <a href=\"https:\/\/theater-svlg.de\/?page_id=2293\" class=\"more-link\"><span class=\"screen-reader-text\">Presse<\/span> weiterlesen <span class=\"meta-nav\">&rarr;<\/span><\/a><\/p>\n","protected":false},"author":2,"featured_media":2294,"parent":2176,"menu_order":0,"comment_status":"closed","ping_status":"closed","template":"","meta":{"ngg_post_thumbnail":0},"_links":{"self":[{"href":"https:\/\/theater-svlg.de\/index.php?rest_route=\/wp\/v2\/pages\/2293"}],"collection":[{"href":"https:\/\/theater-svlg.de\/index.php?rest_route=\/wp\/v2\/pages"}],"about":[{"href":"https:\/\/theater-svlg.de\/index.php?rest_route=\/wp\/v2\/types\/page"}],"author":[{"embeddable":true,"href":"https:\/\/theater-svlg.de\/index.php?rest_route=\/wp\/v2\/users\/2"}],"replies":[{"embeddable":true,"href":"https:\/\/theater-svlg.de\/index.php?rest_route=%2Fwp%2Fv2%2Fcomments&post=2293"}],"version-history":[{"count":1,"href":"https:\/\/theater-svlg.de\/index.php?rest_route=\/wp\/v2\/pages\/2293\/revisions"}],"predecessor-version":[{"id":2295,"href":"https:\/\/theater-svlg.de\/index.php?rest_route=\/wp\/v2\/pages\/2293\/revisions\/2295"}],"up":[{"embeddable":true,"href":"https:\/\/theater-svlg.de\/index.php?rest_route=\/wp\/v2\/pages\/2176"}],"wp:featuredmedia":[{"embeddable":true,"href":"https:\/\/theater-svlg.de\/index.php?rest_route=\/wp\/v2\/media\/2294"}],"wp:attachment":[{"href":"https:\/\/theater-svlg.de\/index.php?rest_route=%2Fwp%2Fv2%2Fmedia&parent=2293"}],"curies":[{"name":"wp","href":"https:\/\/api.w.org\/{rel}","templated":true}]}}