{"id":2709,"date":"2017-11-28T19:06:23","date_gmt":"2017-11-28T18:06:23","guid":{"rendered":"http:\/\/theater-svlg.de\/?page_id=2709"},"modified":"2017-11-28T19:08:12","modified_gmt":"2017-11-28T18:08:12","slug":"201718-der-koffer-meiner-grossmutter","status":"publish","type":"page","link":"https:\/\/theater-svlg.de\/?page_id=2709","title":{"rendered":"2017\/18 &#8211; Der Koffer meiner Gro\u00dfmutter"},"content":{"rendered":"<p>Das Atrium des altehrw\u00fcrdigen Schenk-von-Limpurg Gymnasium wird zum Schauplatz dramatischer Ereignisse.&nbsp;<\/p>\n<p>Ein merkw\u00fcrdiger Koffer taucht auf, voller Erinnerungen und Geschichten. L\u00e4ngs Vergessenes; Erinnerungen\u2026 aus Putzen werden grausame Damen; ein Liebender verliert seine gro\u00dfe Liebe; Menschen fliehen aus ihrer Heimat; Menschen werden aus ihren Familien gerissen; ein Herz entpuppt sich als schn\u00f6der Ziegelstein\u2026 Und am Ende\u2026 Ach, lassen Sie sich \u00fcberraschen und erleben sie das Spektakel selbst!<\/p>\n<p>Mit dabei die eigens ins Leben gerufene Rockband Kirgelgschroi mit Bluesfeeling und Rockriffs\u2026. Lassen sie sich vom \u201eHeart of Gold\u201c bet\u00f6ren, erschrecken Sie nicht, wenn die \u201eZombies\u201c vorbeischauen und eins ist schon mal klar: \u201eIt ain\u2019t me, Babe\u201c\u2026 Und wenn Sie sich jetzt fragen, \u201eDas kann doch nicht alles gewesen sein\u201c, dann gibt\u2019s nat\u00fcrlich zu \u201eKnocken\u2018 on heavens door ein furioses Finale.<\/p>\n<p>F\u00fcr die Choreographie konnten wir die legend\u00e4re Susi (Chuck) Erhardt von der Pietro Aretino Company gewinnen; als Bandleader Dani \u201eThe Lonley Wolf with his Magic Fingers\u201c.&nbsp;Die Rockshow des Herbstes\u2026<\/p>\n<p><a href=\"https:\/\/www.youtube.com\/watch?v=c7pvV2J02Hc\">https:\/\/www.youtube.com\/watch?v=c7pvV2J02Hc<\/a><\/p>\n","protected":false},"excerpt":{"rendered":"<p>Das Atrium des altehrw\u00fcrdigen Schenk-von-Limpurg Gymnasium wird zum Schauplatz dramatischer Ereignisse.&nbsp; Ein merkw\u00fcrdiger Koffer taucht auf, voller Erinnerungen und Geschichten. L\u00e4ngs Vergessenes; Erinnerungen\u2026 aus Putzen werden grausame Damen; ein Liebender verliert seine gro\u00dfe Liebe; Menschen fliehen aus ihrer Heimat; Menschen werden aus ihren Familien gerissen; ein Herz entpuppt sich als schn\u00f6der Ziegelstein\u2026 Und am Ende\u2026 &hellip; <a href=\"https:\/\/theater-svlg.de\/?page_id=2709\" class=\"more-link\"><span class=\"screen-reader-text\">2017\/18 &#8211; Der Koffer meiner Gro\u00dfmutter<\/span> weiterlesen <span class=\"meta-nav\">&rarr;<\/span><\/a><\/p>\n","protected":false},"author":2,"featured_media":2611,"parent":28,"menu_order":-4,"comment_status":"closed","ping_status":"closed","template":"","meta":{"ngg_post_thumbnail":0},"_links":{"self":[{"href":"https:\/\/theater-svlg.de\/index.php?rest_route=\/wp\/v2\/pages\/2709"}],"collection":[{"href":"https:\/\/theater-svlg.de\/index.php?rest_route=\/wp\/v2\/pages"}],"about":[{"href":"https:\/\/theater-svlg.de\/index.php?rest_route=\/wp\/v2\/types\/page"}],"author":[{"embeddable":true,"href":"https:\/\/theater-svlg.de\/index.php?rest_route=\/wp\/v2\/users\/2"}],"replies":[{"embeddable":true,"href":"https:\/\/theater-svlg.de\/index.php?rest_route=%2Fwp%2Fv2%2Fcomments&post=2709"}],"version-history":[{"count":1,"href":"https:\/\/theater-svlg.de\/index.php?rest_route=\/wp\/v2\/pages\/2709\/revisions"}],"predecessor-version":[{"id":2710,"href":"https:\/\/theater-svlg.de\/index.php?rest_route=\/wp\/v2\/pages\/2709\/revisions\/2710"}],"up":[{"embeddable":true,"href":"https:\/\/theater-svlg.de\/index.php?rest_route=\/wp\/v2\/pages\/28"}],"wp:featuredmedia":[{"embeddable":true,"href":"https:\/\/theater-svlg.de\/index.php?rest_route=\/wp\/v2\/media\/2611"}],"wp:attachment":[{"href":"https:\/\/theater-svlg.de\/index.php?rest_route=%2Fwp%2Fv2%2Fmedia&parent=2709"}],"curies":[{"name":"wp","href":"https:\/\/api.w.org\/{rel}","templated":true}]}}