{"id":31,"date":"2016-03-18T15:26:32","date_gmt":"2016-03-18T14:26:32","guid":{"rendered":"http:\/\/theater-svlg.de\/?page_id=31"},"modified":"2016-05-06T10:57:09","modified_gmt":"2016-05-06T08:57:09","slug":"201516-das-ewige-spiel-der-liebe","status":"publish","type":"page","link":"https:\/\/theater-svlg.de\/?page_id=31","title":{"rendered":"2015\/16 &#8211; Das ewige Spiel der Liebe"},"content":{"rendered":"<p>Was gibt es denn L\u00e4cherlicheres als die Liebe? Es ist ein Ungl\u00fcck! Es bringt auch den Vern\u00fcnftigsten um jeglichen Verstand! Es tut weh! Es ist ein Ding der Unm\u00f6glichkeit &#8211; Es ist was es ist, sagt die Liebe. Gerade deshalb scheint sich unser Leben um das Lieben, das Geliebt werden zu drehen. Missverstehen, Missgl\u00fccken, Leid, Begierde, Sehnsucht, aber auch Hoffnung s\u00e4umen den Weg ins Liebesgl\u00fcck.<\/p>\n<figure id=\"attachment_600\" aria-describedby=\"caption-attachment-600\" style=\"width: 286px\" class=\"wp-caption aligncenter\"><a href=\"https:\/\/theater-svlg.de\/?attachment_id=600\"><img loading=\"lazy\" class=\"wp-image-600\" src=\"https:\/\/theater-svlg.de\/wp-content\/uploads\/theaterplakat-212x300.jpg\" alt=\"Das Plakat von &quot;Das ewige Spiel der Liebe&quot;\" width=\"286\" height=\"405\" srcset=\"https:\/\/theater-svlg.de\/wp-content\/uploads\/theaterplakat-212x300.jpg 212w, https:\/\/theater-svlg.de\/wp-content\/uploads\/theaterplakat.jpg 480w\" sizes=\"(max-width: 286px) 100vw, 286px\" \/><\/a><figcaption id=\"caption-attachment-600\" class=\"wp-caption-text\">Das Plakat von &#8222;Das ewige Spiel der Liebe&#8220;<\/figcaption><\/figure>\n<p>So m\u00f6chte die Oberstufentheater AG dieses Jahr die unterschiedlichsten Facetten dieses unersch\u00f6p\ufb02ichen Themas ausleuchten: Muss man eigentlich heiraten? Wenn ja &#8211; warum? Und wieso gerade den Kandidaten, den der eigene Vater ausgew\u00e4hlt hat? Oder leiden Sie mit dem etwas umst\u00e4ndlich vorgehenden Brautwerber, der sich um Kopf und Braut schw\u00e4tzt. Liebe als Medizin? Was f\u00fcr eine wunderliche Idee, zumal wenn keine Braut in Sicht ist, aber es gibt ja noch den Experten in Liebesdingen: Arleccino. Oder sollte dieser Frauenversteher am Ende die falsche Wahl gewesen sein? Mademoiselle wirbelt die etwas eingestaubte Beziehung zwischen Monsieur und Madame gr\u00fcndlich durcheinander &#8211; im Dunkeln l\u00e4sst sich\u2019s halt gut munkeln, allerdings sind da auch alle K\u00e4tzchen grau und unversehens hat Monsieur die Falsche im Arm. Was tun, wenn man f\u00fcr einander bestimmt ist, die Angebetete allerdings die Braut eines Anderen ist? Liebesleid und Liebesgl\u00fcck liegen hier eng beieinander\u2026Ausgangspunkt dieser Eigenproduktion waren Barockarien zu denen die dazu geh\u00f6rige Oper verloren gegangen war. Was lag also n\u00e4her als die Theater AG zu bitten, diese Leerstellen zu f\u00fcllen. So entstanden Spielszenen, die jeweils in eine Arie m\u00fcnden. Alles Texte stammen von der Theater AG selbst, als Ideengeber wurden dabei die Werke von Cechov, Maupassant, Shakespeare, der Commedia del arte, ?? oder Goethe genutzt. Wundern Sie sich nicht, wenn unsere jungen K\u00fcnstler manch eine Szene anders als im Original enden lassen\u2026 Lust auf einen Abend der Liebe?! Dann besuchen Sie eine unserer Auff\u00fchrungen im Atrium des SvLG<\/p>\n<p><span style=\"color: #808080;\"><em>(Programmheft &#8222;Das ewige Spiel der Liebe&#8220;)<\/em><\/span><\/p>\n","protected":false},"excerpt":{"rendered":"<p>Was gibt es denn L\u00e4cherlicheres als die Liebe? Es ist ein Ungl\u00fcck! Es bringt auch den Vern\u00fcnftigsten um jeglichen Verstand! Es tut weh! Es ist ein Ding der Unm\u00f6glichkeit &#8211; Es ist was es ist, sagt die Liebe. Gerade deshalb scheint sich unser Leben um das Lieben, das Geliebt werden zu drehen. Missverstehen, Missgl\u00fccken, Leid, &hellip; <a href=\"https:\/\/theater-svlg.de\/?page_id=31\" class=\"more-link\"><span class=\"screen-reader-text\">2015\/16 &#8211; Das ewige Spiel der Liebe<\/span> weiterlesen <span class=\"meta-nav\">&rarr;<\/span><\/a><\/p>\n","protected":false},"author":1,"featured_media":603,"parent":28,"menu_order":-1,"comment_status":"closed","ping_status":"closed","template":"","meta":{"ngg_post_thumbnail":0},"_links":{"self":[{"href":"https:\/\/theater-svlg.de\/index.php?rest_route=\/wp\/v2\/pages\/31"}],"collection":[{"href":"https:\/\/theater-svlg.de\/index.php?rest_route=\/wp\/v2\/pages"}],"about":[{"href":"https:\/\/theater-svlg.de\/index.php?rest_route=\/wp\/v2\/types\/page"}],"author":[{"embeddable":true,"href":"https:\/\/theater-svlg.de\/index.php?rest_route=\/wp\/v2\/users\/1"}],"replies":[{"embeddable":true,"href":"https:\/\/theater-svlg.de\/index.php?rest_route=%2Fwp%2Fv2%2Fcomments&post=31"}],"version-history":[{"count":10,"href":"https:\/\/theater-svlg.de\/index.php?rest_route=\/wp\/v2\/pages\/31\/revisions"}],"predecessor-version":[{"id":615,"href":"https:\/\/theater-svlg.de\/index.php?rest_route=\/wp\/v2\/pages\/31\/revisions\/615"}],"up":[{"embeddable":true,"href":"https:\/\/theater-svlg.de\/index.php?rest_route=\/wp\/v2\/pages\/28"}],"wp:featuredmedia":[{"embeddable":true,"href":"https:\/\/theater-svlg.de\/index.php?rest_route=\/wp\/v2\/media\/603"}],"wp:attachment":[{"href":"https:\/\/theater-svlg.de\/index.php?rest_route=%2Fwp%2Fv2%2Fmedia&parent=31"}],"curies":[{"name":"wp","href":"https:\/\/api.w.org\/{rel}","templated":true}]}}