{"id":481,"date":"2016-05-01T22:28:38","date_gmt":"2016-05-01T20:28:38","guid":{"rendered":"http:\/\/theater-svlg.de\/?page_id=481"},"modified":"2016-05-17T15:52:34","modified_gmt":"2016-05-17T13:52:34","slug":"presse","status":"publish","type":"page","link":"https:\/\/theater-svlg.de\/?page_id=481","title":{"rendered":"Presse"},"content":{"rendered":"<p><strong><br \/>\nGauner, Ganoven und Kleinkriminelle treffen sich im Atrium des Schenk-von-Limpurg-Gymnasiums in Gaildorf. Die Theater-AG der Oberstufe zeigt Dario Fos &#8222;Oper vom gro\u00dfen Hohngel\u00e4chter&#8220;.<\/strong><\/p>\n<p>Alle Akteure spielen auf hohem Niveau und mit viel Elan. Sie singen und tanzen und bieten ihrem Publikum einen genussvollen Abend. So geschehen am Freitag und Sonntag im Atrium des Gaildorfer Gymnasiums &#8211; und morgen gibt es eine dritte Vorstellung: Die Theater-AG der Oberstufe wagte sich an &#8222;Die Oper vom gro\u00dfen Hohngel\u00e4chter&#8220; von Dario Fo.<img loading=\"lazy\" class=\"aligncenter wp-image-690 size-medium\" src=\"https:\/\/theater-svlg.de\/wp-content\/uploads\/Dario-300x165.jpg\" width=\"300\" height=\"165\" srcset=\"https:\/\/theater-svlg.de\/wp-content\/uploads\/Dario-300x165.jpg 300w, https:\/\/theater-svlg.de\/wp-content\/uploads\/Dario.jpg 600w\" sizes=\"(max-width: 300px) 100vw, 300px\" \/><\/p>\n<p>Gauner ist nicht gleich Gauner. Diejenigen, die Gesch\u00e4fte machen, tragen Melone und Spazierstock. Die in der &#8222;Szene&#8220; Rockerkluft, die in Beh\u00f6rden sitzen, Uniform, aber auch mal Anzug und Orden. Ihnen allen gemein: Sie beugen das Recht, wo es nur geht. Und selbst wenn sie gegeneinander intrigieren, so bleiben sie doch stets voneinander abh\u00e4ngig. Die Sch\u00fclerinnen und Sch\u00fcler machen das Atrium ihres Gymnasiums zum Ganoventreff.<br \/>\nIm Zentrum: der Gangsterboss Mackie Messer. Er hat Polly, einzige Tochter der Gebr\u00fcder Peachum, heimlich geheiratet. Das versetzt Pollys Mutter und die Peachums &#8211; die Gattin und Tochter teilen &#8211; in Zorn. Daher wollen sie Mackie der Polizei ausliefern. Zwei Bordelldamen, auch Mackies Freundinnen, werden hierf\u00fcr von ihnen bestochen. Der Polizeipr\u00e4sident, ehemals selbst Ganove, kann die Festnahme nicht verhindern.<\/p>\n<p>Dario Fo machte daraus die &#8222;Oper vom gro\u00dfen Hohngel\u00e4chter&#8220;. Er \u00fcbertrug die Handlung, die auch Bert Brecht f\u00fcr seine Dreigroschenoper verarbeitete, in die 1980er- Jahre. Die Sch\u00fcler modernisierten es erneut. In ihren Dialogen kommen daher Terroristen, Afghanistan, die politische Macht von &#8222;Mutti Merkel&#8220; und Wladimir Putin zur Sprache. Stets in Frack, Melone und mit Gehstock, stolzieren Juliane Weller und Julia Dargel als Jeremy und Jonathan \u00fcber die B\u00fchne. Den unter dem Hemd dick gestopften Wohlstandsbauch immer ein wenig nach vorne schiebend, macht Dargel klar, dass sie als Jonathan kein Pardon kennt &#8211; weder mit Drogenjunkies, die Arbeit suchen, noch mit dem unliebsamen Schwiegersohn. So fragt er Polly: &#8222;Sag mal, hast du schon mal \u00fcberlegt, wie viel wir kriegen, wenn dein Mackie stirbt?&#8220; Denn nat\u00fcrlich m\u00f6chte er, dass seine Tochter wenigstens reiche Witwe wird.<\/p>\n<p>Aber als seine Gattin, gro\u00dfartig gespielt von Darlene Postic, den beiden Herren vorschl\u00e4gt, die eigene Tochter, &#8222;der man immer so viel geboten&#8220; habe, &#8222;umzulegen&#8220;, entgegnet Jonathan: &#8222;Am Tod eines Familienmitglieds ist nichts verdient.&#8220; Juliane Weller spielt sehr \u00fcberzeugend den k\u00fchlen Jeremy, der keine Emotionen erkennen l\u00e4sst. Anders hingegen Gangsterk\u00f6nig und Frauenheld Mackie Messer. Er lacht, liebt und k\u00fcsst, was die Damenwelt zu weichen Knie zwingt. Johannes Alber verk\u00f6rpert einen wunderbar klischeehaften Macho, der selbst aus der Gef\u00e4ngniszelle noch mit Ehefrau, Ex-Geliebter und zwei Bordelldamen parallel telefonieren kann, ohne dabei die Kontrolle zu verlieren. Alica Schneider mimt die naive Polly, die sich stets wie ein n\u00f6rgelndes Kind verh\u00e4lt. &#8222;M\u00e4\u00e4\u00e4-h\u00e4\u00e4\u00e4ck, das ist aber nicht romantisch&#8220;, qu\u00e4kt sie mehrmals w\u00e4hrend der improvisierten &#8222;Hochzeit&#8220;, f\u00fcr die Mackie eine Fabrikhalle gew\u00e4hlt hatte. Gespeist wird auf Papptellern. &#8222;M\u00e4\u00e4\u00e4-h\u00e4\u00e4\u00e4ck, das ist nicht romantisch. Fehlt nur noch, dass die Bouletten auch aus Plastik sind!&#8220;<\/p>\n<p>Einzige G\u00e4ste der Feier: Seine vier Assistenten f\u00fcr besondere Aufgaben. Mit zwei Maschinengewehren und einem Baseballschl\u00e4ger im Anschlag, versuchen diese Helden im wei\u00dfen Smoking und mit schwarzem Hut stets furchteinfl\u00f6\u00dfend zu wirken. Durch ihre tollpatschige Art sind sie \u00fcberaus unterhaltsam. Berfin Cervine und Salome Wecks &#8211; beide mit \u00fcbergro\u00dfen Gewehren ausgestattet &#8211; geben sich ausdrucksstark in Mimik und Gestik ihrer Rolle hin. Sie staunen, lachen und gr\u00fcbeln wie zwei Clowns mit langj\u00e4hriger B\u00fchnenerfahrung. Und haben sichtlich Spa\u00df dabei. Zum Szenenwechsel gibt es jeweils Gesangseinlagen &#8211; und zwar von den Schauspielerinnen und Schauspielern. Die Mitwirkenden beweisen einen Abend lang, dass sie beides beherrschen: Schauspiel und Gesang. Denn zu den Szenenwechseln geben sie Lieder zum Besten, die Komponistin Susanne Hinkelbein 1981 zu Fos St\u00fcck vertont hatte. Eine nicht immer einfache Herausforderung an die jungen K\u00fcnstler. Die musikalische Leitung hat Musiklehrer Vincent Eissing-Boyny. Mit Schlagzeug, Gitarre und Klarinette begleiten zudem Florian Brandt, Florian Michaelis und Michaela Brandt. &#8222;Ich habe schon viele gute St\u00fccke in unserem Atrium gesehen, aber das hier war ein ganz besonderes&#8220;, lobt Schulleiter J\u00fcrgen Riehle. Der Applaus zeigt, dass er auf breite Zustimmung st\u00f6\u00dft.<\/p>\n<p><em>von Karena H\u00e4fner <\/em><\/p>\n<p>mit freundlicher Genehmigung der Gaildorfer <a href=\"http:\/\/www.swp.de\/gaildorf\">Rundschau<\/a><\/p>\n","protected":false},"excerpt":{"rendered":"<p>Gauner, Ganoven und Kleinkriminelle treffen sich im Atrium des Schenk-von-Limpurg-Gymnasiums in Gaildorf. Die Theater-AG der Oberstufe zeigt Dario Fos &#8222;Oper vom gro\u00dfen Hohngel\u00e4chter&#8220;. Alle Akteure spielen auf hohem Niveau und mit viel Elan. Sie singen und tanzen und bieten ihrem Publikum einen genussvollen Abend. So geschehen am Freitag und Sonntag im Atrium des Gaildorfer Gymnasiums &hellip; <a href=\"https:\/\/theater-svlg.de\/?page_id=481\" class=\"more-link\"><span class=\"screen-reader-text\">Presse<\/span> weiterlesen <span class=\"meta-nav\">&rarr;<\/span><\/a><\/p>\n","protected":false},"author":1,"featured_media":0,"parent":33,"menu_order":0,"comment_status":"closed","ping_status":"closed","template":"","meta":{"ngg_post_thumbnail":0},"_links":{"self":[{"href":"https:\/\/theater-svlg.de\/index.php?rest_route=\/wp\/v2\/pages\/481"}],"collection":[{"href":"https:\/\/theater-svlg.de\/index.php?rest_route=\/wp\/v2\/pages"}],"about":[{"href":"https:\/\/theater-svlg.de\/index.php?rest_route=\/wp\/v2\/types\/page"}],"author":[{"embeddable":true,"href":"https:\/\/theater-svlg.de\/index.php?rest_route=\/wp\/v2\/users\/1"}],"replies":[{"embeddable":true,"href":"https:\/\/theater-svlg.de\/index.php?rest_route=%2Fwp%2Fv2%2Fcomments&post=481"}],"version-history":[{"count":6,"href":"https:\/\/theater-svlg.de\/index.php?rest_route=\/wp\/v2\/pages\/481\/revisions"}],"predecessor-version":[{"id":691,"href":"https:\/\/theater-svlg.de\/index.php?rest_route=\/wp\/v2\/pages\/481\/revisions\/691"}],"up":[{"embeddable":true,"href":"https:\/\/theater-svlg.de\/index.php?rest_route=\/wp\/v2\/pages\/33"}],"wp:attachment":[{"href":"https:\/\/theater-svlg.de\/index.php?rest_route=%2Fwp%2Fv2%2Fmedia&parent=481"}],"curies":[{"name":"wp","href":"https:\/\/api.w.org\/{rel}","templated":true}]}}