{"id":674,"date":"2016-05-17T15:23:04","date_gmt":"2016-05-17T13:23:04","guid":{"rendered":"http:\/\/theater-svlg.de\/?page_id=674"},"modified":"2016-08-07T22:38:12","modified_gmt":"2016-08-07T20:38:12","slug":"201415-leben-im-all","status":"publish","type":"page","link":"https:\/\/theater-svlg.de\/?page_id=674","title":{"rendered":"2014\/15 &#8211; Leben im All"},"content":{"rendered":"<p>Den frechen kleinen Schnuppen aus der Schnuppentruppe ist fast alles ziemlich schnuppe, nur vor dem b\u00f6sen Schwarzen Loch, da nehmen sie sich in Acht. Das Leben im All ist heftig und prall und &#8230; ganz unser Fall! Das Musical verspricht 50 vergn\u00fcgliche Minuten Zeitreise durch die Galaxie, gew\u00fcrzt mit 14 rockigen Songs zum mittr\u00e4llern.<\/p>\n<figure id=\"attachment_675\" aria-describedby=\"caption-attachment-675\" style=\"width: 212px\" class=\"wp-caption aligncenter\"><img loading=\"lazy\" class=\"wp-image-675 size-medium\" src=\"https:\/\/theater-svlg.de\/wp-content\/uploads\/Leben-im-All-212x300.jpg\" alt=\"Leben im All\" width=\"212\" height=\"300\" srcset=\"https:\/\/theater-svlg.de\/wp-content\/uploads\/Leben-im-All-212x300.jpg 212w, https:\/\/theater-svlg.de\/wp-content\/uploads\/Leben-im-All.jpg 480w\" sizes=\"(max-width: 212px) 100vw, 212px\" \/><figcaption id=\"caption-attachment-675\" class=\"wp-caption-text\">Das Plakat zum Musical<\/figcaption><\/figure>\n","protected":false},"excerpt":{"rendered":"<p>Den frechen kleinen Schnuppen aus der Schnuppentruppe ist fast alles ziemlich schnuppe, nur vor dem b\u00f6sen Schwarzen Loch, da nehmen sie sich in Acht. Das Leben im All ist heftig und prall und &#8230; ganz unser Fall! Das Musical verspricht 50 vergn\u00fcgliche Minuten Zeitreise durch die Galaxie, gew\u00fcrzt mit 14 rockigen Songs zum mittr\u00e4llern.<\/p>\n","protected":false},"author":3,"featured_media":677,"parent":24,"menu_order":1,"comment_status":"closed","ping_status":"closed","template":"","meta":{"ngg_post_thumbnail":0},"_links":{"self":[{"href":"https:\/\/theater-svlg.de\/index.php?rest_route=\/wp\/v2\/pages\/674"}],"collection":[{"href":"https:\/\/theater-svlg.de\/index.php?rest_route=\/wp\/v2\/pages"}],"about":[{"href":"https:\/\/theater-svlg.de\/index.php?rest_route=\/wp\/v2\/types\/page"}],"author":[{"embeddable":true,"href":"https:\/\/theater-svlg.de\/index.php?rest_route=\/wp\/v2\/users\/3"}],"replies":[{"embeddable":true,"href":"https:\/\/theater-svlg.de\/index.php?rest_route=%2Fwp%2Fv2%2Fcomments&post=674"}],"version-history":[{"count":3,"href":"https:\/\/theater-svlg.de\/index.php?rest_route=\/wp\/v2\/pages\/674\/revisions"}],"predecessor-version":[{"id":679,"href":"https:\/\/theater-svlg.de\/index.php?rest_route=\/wp\/v2\/pages\/674\/revisions\/679"}],"up":[{"embeddable":true,"href":"https:\/\/theater-svlg.de\/index.php?rest_route=\/wp\/v2\/pages\/24"}],"wp:featuredmedia":[{"embeddable":true,"href":"https:\/\/theater-svlg.de\/index.php?rest_route=\/wp\/v2\/media\/677"}],"wp:attachment":[{"href":"https:\/\/theater-svlg.de\/index.php?rest_route=%2Fwp%2Fv2%2Fmedia&parent=674"}],"curies":[{"name":"wp","href":"https:\/\/api.w.org\/{rel}","templated":true}]}}