{"id":722,"date":"2016-05-23T15:25:07","date_gmt":"2016-05-23T13:25:07","guid":{"rendered":"http:\/\/theater-svlg.de\/?page_id=722"},"modified":"2016-09-19T17:52:13","modified_gmt":"2016-09-19T15:52:13","slug":"201314-im-riff-gehts-rund","status":"publish","type":"page","link":"https:\/\/theater-svlg.de\/?page_id=722","title":{"rendered":"2013\/14 &#8211; Im Riff geht&#8217;s rund"},"content":{"rendered":"<p>Lassen sie sich einen Abend von bunten Papageienfischen, lustigen Kugelfischen und der Unterwasserwelt des Riffs verzaubern und besuchen sie am Mittwoch, den 2. und Donnerstag, den 3. Juli 2014 um jeweils 19.30 die Auff\u00fchrungen im Atrium des SvLG.<\/p>\n<p><a href=\"https:\/\/theater-svlg.de\/?attachment_id=723\" rel=\"attachment wp-att-723\"><img loading=\"lazy\" class=\"aligncenter size-medium wp-image-723\" src=\"https:\/\/theater-svlg.de\/wp-content\/uploads\/Riff-plakat-212x300.jpg\" alt=\"Riff plakat\" width=\"212\" height=\"300\" srcset=\"https:\/\/theater-svlg.de\/wp-content\/uploads\/Riff-plakat-212x300.jpg 212w, https:\/\/theater-svlg.de\/wp-content\/uploads\/Riff-plakat.jpg 480w\" sizes=\"(max-width: 212px) 100vw, 212px\" \/><\/a>Die Bewohner des Riffs bereiten sich auf die ber\u00fchmte Unterwasser-Castingshow Frutti di Mare vor. In all dieser Aufregung wird pl\u00f6tzlich Flapo, die Flaschenpost, angetrieben, die etwas Wichtiges zu sagen hat. Aber wer h\u00f6rt schon gern so einer alten Flasche zu? Und als das Leben im Riff, das bisher so schwerelos und wie ein Spiel war, pl\u00f6tzlich durch eine unsichtbare Gefahr bedroht wird, versuchen sie verzweifelt, das Riff zu retten. Wird es ihnen mit Hilfe der anderen Meeresbewohner doch noch gelinge, k\u00f6nnen die drallen Quallen, der optimal vernetzte Hering Henning oder der hochgelehrte Doktor Fisch helfen?<\/p>\n<p><em>Ank\u00fcndigungstext von Nina Rose<\/em><\/p>\n","protected":false},"excerpt":{"rendered":"<p>Lassen sie sich einen Abend von bunten Papageienfischen, lustigen Kugelfischen und der Unterwasserwelt des Riffs verzaubern und besuchen sie am Mittwoch, den 2. und Donnerstag, den 3. Juli 2014 um jeweils 19.30 die Auff\u00fchrungen im Atrium des SvLG. Die Bewohner des Riffs bereiten sich auf die ber\u00fchmte Unterwasser-Castingshow Frutti di Mare vor. In all dieser &hellip; <a href=\"https:\/\/theater-svlg.de\/?page_id=722\" class=\"more-link\"><span class=\"screen-reader-text\">2013\/14 &#8211; Im Riff geht&#8217;s rund<\/span> weiterlesen <span class=\"meta-nav\">&rarr;<\/span><\/a><\/p>\n","protected":false},"author":3,"featured_media":0,"parent":24,"menu_order":2,"comment_status":"closed","ping_status":"closed","template":"","meta":{"ngg_post_thumbnail":0},"_links":{"self":[{"href":"https:\/\/theater-svlg.de\/index.php?rest_route=\/wp\/v2\/pages\/722"}],"collection":[{"href":"https:\/\/theater-svlg.de\/index.php?rest_route=\/wp\/v2\/pages"}],"about":[{"href":"https:\/\/theater-svlg.de\/index.php?rest_route=\/wp\/v2\/types\/page"}],"author":[{"embeddable":true,"href":"https:\/\/theater-svlg.de\/index.php?rest_route=\/wp\/v2\/users\/3"}],"replies":[{"embeddable":true,"href":"https:\/\/theater-svlg.de\/index.php?rest_route=%2Fwp%2Fv2%2Fcomments&post=722"}],"version-history":[{"count":2,"href":"https:\/\/theater-svlg.de\/index.php?rest_route=\/wp\/v2\/pages\/722\/revisions"}],"predecessor-version":[{"id":2150,"href":"https:\/\/theater-svlg.de\/index.php?rest_route=\/wp\/v2\/pages\/722\/revisions\/2150"}],"up":[{"embeddable":true,"href":"https:\/\/theater-svlg.de\/index.php?rest_route=\/wp\/v2\/pages\/24"}],"wp:attachment":[{"href":"https:\/\/theater-svlg.de\/index.php?rest_route=%2Fwp%2Fv2%2Fmedia&parent=722"}],"curies":[{"name":"wp","href":"https:\/\/api.w.org\/{rel}","templated":true}]}}